{"id":16115,"date":"2021-03-16T18:26:38","date_gmt":"2021-03-16T18:26:38","guid":{"rendered":"https:\/\/festival.galactic.one\/?page_id=16115"},"modified":"2021-03-16T20:30:21","modified_gmt":"2021-03-16T20:30:21","slug":"politica-de-confidentialitate-2","status":"publish","type":"page","link":"https:\/\/festival.galactic.one\/2022\/politica-de-confidentialitate-2\/","title":{"rendered":"Politica de confiden\u021bialitate"},"content":{"rendered":"<p>Ma bucur ca ti-ai facut timp sa citesti politica de confidentialitate a site-ului <strong>festival.galactic.one.<\/strong><\/p>\n<p>Infomatiile pe care tu mi le daruiesti atunci cand utilizezi site-ul si celelalte servicii de pe site sunt importante pentru mine. Din acest motiv ma angajez sa le protejez si sa le asigur o securitate sporita.<\/p>\n<p>Site-ul<strong> festival.galactic.one<\/strong> \u00a0va colecta colecta, stoca \u0219i utiliza date private in acord cu Regulamentul ( UE) 2016\/679 al Parlamentului European \u0219i al Consiliului din 27 Aprilie 2016, privind protec\u021bia persoanelor fizice \u00een ceea ce priveste prelucrarea datelor cu caracter personal \u0219i privind libera circula\u021bie a acestor date( GDPR), \u0219i cu aceast\u0103 politic\u0103 de confiden\u021bialitate.<\/p>\n<p>Politica de confidentialitate, impreuna cu\u00a0<a href=\"https:\/\/festival.galactic.one\/termeni-si-conditii\/\">termenii si conditiile<\/a>\u00a0 si <a href=\"https:\/\/festival.galactic.one\/politica-cookie\/\">politica de cookie<\/a> de pe site stabilesc modul in care datele cu caracter personal vor fi utilizate si stocate.<\/p>\n<h3>Definitii<\/h3>\n<p><strong>date cu caracter personal<\/strong>\u00a0\u2013 orice informatii referitoare la o persoana fizica identificata sau identificabila; o persoana identificabila este acea persoana care poate fi identificata, direct sau indirect, in mod particular prin referire la un numar de identificare ori la unul sau la mai multi factori specifici identitatii sale fizice, fiziologice, psihice, economice, culturale sau sociale;<\/p>\n<p><strong>prelucrarea datelor cu caracter personal<\/strong>\u00a0\u2013 orice operatiune sau set de operatiuni care se efectueaza asupra datelor cu caracter personal, prin mijloace automate sau neautomate, cum ar fi colectarea, inregistrarea, organizarea, stocarea, adaptarea ori modificarea, extragerea, consultarea, utilizarea, dezvaluirea catre terti prin transmitere, diseminare sau in orice alt mod, alaturarea ori combinarea, blocarea, stergerea sau distrugerea;<\/p>\n<p><strong>stocarea<\/strong>\u00a0\u2013 pastrarea pe orice fel de suport a datelor cu caracter personal culese;<\/p>\n<p><strong>sistem de evidenta a datelor cu caracter personal\u00a0<\/strong>\u2013 orice structura organizata de date cu caracter personal, accesibila potrivit unor criterii determinate, indiferent daca aceasta structura este organizata in mod centralizat ori descentralizat sau este repartizata dupa criterii functionale ori geografice;<\/p>\n<p><strong>operator\u00a0<\/strong>\u2013 orice persoana fizica sau juridica, de drept privat ori de drept public, inclusiv autoritatile publice, institutiile si structurile teritoriale ale acestora, care stabileste scopul si mijloacele de prelucrare a datelor cu caracter personal;<\/p>\n<p><strong>tert<\/strong>\u00a0\u2013 orice persoana fizica sau juridica, de drept privat ori de drept public, inclusiv autoritatile publice, institutiile si structurile teritoriale ale acestora, alta decat persoana vizata, operatorul ori persoana imputernicita sau persoanele care, sub autoritatea directa a operatorului sau a persoanei imputernicite, sunt autorizate sa prelucreze date;<\/p>\n<p><strong>destinatar<\/strong>\u00a0\u2013 orice persoana fizica sau juridica, de drept privat ori de drept public, inclusiv autoritatile publice, institutiile si structurile teritoriale ale acestora, careia ii sunt dezvaluite date, indiferent daca este sau nu tert; autoritatile publice carora li se comunica date in cadrul unei competente speciale de ancheta nu vor fi considerate destinatari;<\/p>\n<p><strong>date anonime\u00a0<\/strong>\u2013 date care, datorita originii sau modalitatii specifice de prelucrare, nu pot fi asociate cu o persoana identificata sau identificabila;<\/p>\n<p><strong>date de tip \u201cbusiness contact\u201d<\/strong>\u00a0\u2013 date care includ numele, functia, adresa de business, numarul de telefon sau adresa e-mail a unui angajat al unei organizatii, in aceasta calitate.<\/p>\n<p><strong>date statistice<\/strong>\u00a0\u2013 date care au fost obtinute ca urmare a prelucrarii de catre operator a datelor cu caracter personal dar care nu pot fi folosite la identificarea unei persoane si sunt folosite exclusiv pentru scopuri statistice si\/sau de informare, promovare.<\/p>\n<h5>Cine suntem<\/h5>\n<p>Festival.galactic.one este un site administrat de catre:<\/p>\n<p><strong>Asocia\u021bia Pentru Educa\u021bie Complementar\u0103<\/strong><\/p>\n<p>Adresa: Dumbravita, Str. Simfoniei nr. 74<\/p>\n<p>CUI: 26839821<\/p>\n<p>Telefon: +40722410623<\/p>\n<p>Pentru modificari legate de contul tau, cum ar fi stergerea, reactivarea sau modificarea informatiilor contului poti sa trimiti un contactezi cu incredere la <strong>hupovdarius [at] gmail [dot] com<\/strong><\/p>\n<h5>Pentru ce utilizam datele cu caracter personal<\/h5>\n<p>Utilizarea site-ului Festival.galactic.one implica si utilizarea de date cu caracter personal. Utilizam datele cu caracter personal pe care dumneavoastra ni le furnizati voluntar, pentru a va putea sa oferi produsele noastre.<\/p>\n<p>Prin utilizarea site-ului <strong>Festival.galactic.one<\/strong>\u00a0sunteti de acord cu utilizarea si colectarea datelor cu caracter personal dupa cum urmeaza:<\/p>\n<ul>\n<li>Accesarea site-ului utilizeaza date cu caracter personal conform\u00a0<a href=\"https:\/\/festival.galactic.one\/politica-cookie\/\"><strong>politicilor de cookie<\/strong><\/a>.<\/li>\n<li>Vom colecta si\u00a0<strong>adresa de email<\/strong>\u00a0pentru inscrierea la newsletter a utilizatorilor. Acestia sunt de acord cu utilizarea adresei pentru emailuri de marketing si informatii cu privire la cursuri sau alte informatii in ceea ce priveste activitatea siteului. Utilizatorii transmit in mod voluntar aceasta informatie.<\/li>\n<li>Informatiile furnizate la\u00a0<strong>inregistrarea pe site<\/strong>. Atunci cand va inregistrati pe site-ul nostru, avem nevoie de informatiile de conectare, in cazul de fata adresa de email si\/sau nume de utilizator.<\/li>\n<li>Site-ul mai colecteaza si alte informatii personale despre utilizatorii pentru a se asigura de functionarea in parametrii a anumitor servicii. Aceste\u00a0<strong>informatii aditionale<\/strong> pot fi Nume si Prenume, data nasterii, numarul de telefon, limba utilizata, si adresa. Informatiile aditionale sunt folosite pentru achizitiile realizate pe site.<\/li>\n<li>In situatia in care vei achizitiona un produs platit de la noi, vom colecta si informatii personale cu privire la adresa de livrare, adresa de facturare, si in cazul platilor online vei completa informatiile financiare pe pagina furnizorului nostru de plati Netopia Payments, intr-un mediu securizat. Pentru mai multe informatii despre colectarea datelor cu caracter personal pentru plati , puteti sa consultati cu incredere pagina de Politici a furnizorului la adresa: https:\/\/netopia-payments.com\/politica-de-confidentialitate\/?ref=mobilpay.<\/li>\n<li>In urma platii, informatile comunicate de c\u0103tre\u00a0<strong>furnizorul de pl\u0103ti<\/strong>\u00a0este Id-ul tranzactiei, numele utilizatorului, ip-ul acestuia, si daca plata a fost efectuata sau nu.<\/li>\n<li>In cazul in care aveti\u00a0<strong>nevoie de asistenta<\/strong>\u00a0din partea noastra atunci cand utilizati site-ul sau in ceea ce priveste utilizarea produselor noastre, vom colecta informatii pentru a va putea identifica.<\/li>\n<li>Putem sa primim informatii despre utilizatorii nostri si atunci cand acestia ajung la noi de pe<strong>\u00a0site-uri partenere<\/strong>\u00a0ce ii conduc pe acestia pe site-ul nostru.<\/li>\n<li>Anumite articole din acest site pot include continut inglobat de pe alte site-uri web cum ar fi video-uri, imagini sau articole. Respectivele site-uri web sursa pot sa colecteze date despre utilizator, sa foloseasca cookie-uri sau sa monitoizeze interactiunea cu continutul inglobat in conformitate cu legislatia in vigoare in ceea ce priveste protectia de date cu caracter personal.<\/li>\n<li>La sectiunile de blog din site, atunci cand utilizatorul doreste sa lase comentarii se solicita informatii personale ca adresa de email, nume si adresa web, sau dupa caz informatiile necesare modulului de comentarii Facebook.\u00a0<strong>Orice date furnizate prin intermediul formularului<\/strong> sunt stocate in baza de date a site-ului, si nu sunt utilizate decat daca utilizatorul a solicitat notificarea in cazul aparitiei de noi comentarii. In cazul utilizarii \u00a0modulului Facebook, informatiile distribuie sunt conform termenilor si conditiilor platformei de socializare Facebook de pe site-ul lor.<\/li>\n<li>Colectam\u00a0<strong>informatiile despre activitatea<\/strong>\u00a0dumneavoastr\u0103 pe site, despre modul in care utiliza\u021bi site-ul nostru. Informatiile retinute astfel sunt Data si ora de conectare, cursul achizitionat, paginile vizualizate, ip-ul, browserul, versiunea browserului, sistemul de operare si tipul de dispozitiv( smartphone, tableta sau desktop).<\/li>\n<li>Datele despre\u00a0<strong>dispozitivele utilizate<\/strong>\u00a0de catre membri no\u0219tri pentru a se conecta, precum adresa IP, tipul de dispozitiv, versiunea browserului si a sistemului; le folosim pentru a oferi o experienta superioara membrilor prezen\u021bi pe site-ul nostru, si pentru dezvoltarea de noi servicii personalizate pentru acestia.<\/li>\n<li>Pentru a prevenii frauda si alte activitati ilegale sau neautorizate, monitorizam\u00a0<strong>comportamentele neadecvate<\/strong>\u00a0ale utlizatorilor nostri atunci cand acestea devin suspecte.<\/li>\n<\/ul>\n<h5>Folosim datele cu caracter personal colectate in conformitate cu urmatoarele norme juridice :<\/h5>\n<ul>\n<li><strong>Utilizarea site-ului nostru si a serviciilor aferente acestuia.<\/strong>\u00a0Procesam informatiile personale ale utilizatorilor pentru a putea \u00a0presta serviciile conform contractului pe care acestia \u00eel au cu noi( conform<a href=\"https:\/\/festival.galactic.one\/termeni-si-conditii\/\">\u00a0Termenilor si Condi\u021biilor\u00a0<\/a>).<\/li>\n<li>In Interes legitim putem utiliza datele cu caracter personal ale utilizatorilor nostri, pentru a studia\u00a0<strong>tipul de comportament si cum comunica acestia cu serviciile noastre<\/strong>, pentru a le putea dezvolta permanent in beneficiul acestora, si pentru a inlatura orice tentative de frauda sau in scopuri legale.<\/li>\n<li><strong>Vom solicita consimtamantul de fiecare data<\/strong>\u00a0cand vom da mai departe informatiile utilizatorilor c\u0103tre o ter\u021b\u0103 parte, sau cand vor interveni modific\u0103ri asupra Politicilor de confidentialitate sau a\u00a0<a href=\"https:\/\/festival.galactic.one\/termeni-si-conditii\/\">Termenilor \u0219i Condi\u021biilor de utilizare<\/a> a site-ului, pentru ca utilizatorii s\u0103 fie informati. Acestia isi pot retrage oricand consimtamantul, \u00a0contactandu-ne la adresa <em>hupovdarius [at] gmail [dot] com<\/em>. V\u0103 vom solu\u021biona cererea \u00een maxim 30 de zile de la trasmiterea acesteia.<\/li>\n<\/ul>\n<h5>Cu cine impartim datele cu caracter personal<\/h5>\n<p>Pentru ca utilizatorii sa poata beneficia de serviciile si produsele noastre, informatiile utilizatorilor sunt impartite si cu alti furnizori de servicii care asigura o buna functionare a site-ului si a serviciilor oferite. Acestea sunt parti terte care ne ne furnizeaza servicii web, servicii de gazduire\/hosting si intretinere a datelor, analiza datelor, procesarea de plati si servicii de email marketing. Avem grija ca acesti parteneri sa asigure un mediu securizat pentru toti utilizatorii nostrii. Pentru noi este foarte important ca toti furnizorii si partenerii nostri \u00a0de servicii sa accepte politicile de confidentialitate si sa fie \u201ccompliant\u201d cu noul Regulament General de Protectie a Datelor(UE) 2016\/679.<\/p>\n<ul>\n<li>Impartim informatiile utilizatorilor nostri si cu autoritatile legale atunci cand este necesar acest lucru.<\/li>\n<li>In cazul in care compania noastra trece printr-o schimbare corporativa, ca dizolvarea, falimentul, schimbarea de proprietar sau de management intern; \u00a0datele clien\u021bilor vor fi preluate , \u0219terse sau vor fi supuse oric\u0103rei ac\u021biuni ce va fi necesar\u0103 \u00een func\u021bie de situa\u021bie.<\/li>\n<li>Daca sunt necesare pentru punerea in aplicare a legilor, oferim informatiile pe care noi le detinem pentru rezolvarea proceselor care ne privesc pe noi sau pe utilizatorii nostri.<\/li>\n<li>In cazul in care va fi necesara distribuirea informatiilor si catre alte parti terte, vom solicita in timp util consimtamantul explicit \u00a0utilizatorilor nostri in ceea ce priveste aceasta modificare si motivul pentru care datele utilizatorilor va fi distribuit si catre acestia.<\/li>\n<\/ul>\n<h5>Transferul de date catre state din afara Spatiului Economic European<\/h5>\n<p>Anumiti furnizori de servicii pe care ii avem provin din Statele Unite si din alte state transfrontaliere. Din acest motiv datele cu caracter personal ale utilizatorilor nostrii vor fi trasnferate si catre alte state din afara Spatiului Economic European.<\/p>\n<p>Ne-am asigurat ca acesti furnizori sa accepte si sa respecte \u00a0obligativit\u0103\u021bile de confidentialitate ale Regulamentului General de Protectie a Datelor(UE) 2016\/679.<\/p>\n<h5>Drepturile utilizatorilor<\/h5>\n<p>Utilizatorul beneficiaza de drepturi in conformitate cu Regulamentului \u00a0General de Protectie a Datelor(UE) 2016\/679. Acesta ii ofera fiecarui utilizator dreptul de a-si administra propriile informatii.<\/p>\n<p><strong>Dreptul la accesare\u00a0<\/strong>\u2013 Utilizatorul are dreptul la accesarea datelor personale stocate. El poate cere detalii cu privire la modul in care sunt gestionate si protejate datele sale.<\/p>\n<p><strong>Dreptul de a fi uitat numit si dreptul de a fi sters \u00a0<\/strong>\u2013 Utilizatorul are posibilitatea de a cere ca informatiile personale sa fie sterse din baza de date fara intarzieri nejustificate, insa acest lucru atrage si pierderea avantajelor de client al siteului. In situatia in care legea impune pastrarea datelor, datele sale nu vor fi sterse.<\/p>\n<p><strong>Dreptul de portabilitate al datelor\u00a0<\/strong>\u2013 Utilizatorul care a furnizat datele personale intr-un format structurat, utilizat in mod curent poate solicita o copie a datelor personale in scopul transferarii lor catre un alt furnizor si are dreptul de a transmite aceste date altui operator, fara a intampina obstacole din partea operatorului caruia i-au fost furnizate datele cu caracter personal. Utilizatorul are dreptul ca datele cu caracter personal sa fie transmise direct de la un operator la altul, acolo unde acest lucru este fezabil din punct de vedere tehnic.<\/p>\n<p><strong>Dreptul de a fi informat<\/strong>\u00a0\u2013 Utilizatorul este informat despre datele care urmeaza sa fie colectate. El isi da consimtamantul in mod expres pentru colectarea lor prin plasarea comenzilor pe Site.<\/p>\n<p><strong>Dreptul de rectificare\u00a0<\/strong>\u2013 Utilizatorul are posibilitatea de a obtine de la operator, fara intarzieri nejustificate, modificarea sau\/si completarea datelor personale in cazul in care acestea sunt incorecte sau incomplete.<\/p>\n<p><strong>Dreptul de a alege ce se va intampla cu datele sale<\/strong>\u00a0\u2013 Utilizatorul poate alege daca datele personale pot fi folosite ulterior colectarii si\/sau prelucrarii in alte scopuri decat in cele pentru care au fost colectate initial.<\/p>\n<p><strong>Dreptul la opozitie\u00a0<\/strong>\u2013 Utilizatorul Site-ului are dreptul la intimitate si securitate. Poate oricand sa solicite sa nu mai primerasca mesaje de marketing, solicitate in trecut sau nesolicitate, sau sa se dezaboneze doar de la o parte din comunicatele primite.<\/p>\n<p><strong>Dreptul de a fi anuntat<\/strong>\u00a0\u2013 In cazul unei brese de securitate care a compromis datele personale ale utilizatorului, acesta trebuie sa fie informat in termen de 72 de ore de la momentul in care incidentul a fost constatat. In momentul in care securitatea datelor a fost compromisa, indiferent de cauza, daca sursa a fost un atac cibernetic sau o scurgere de informatii interna, operatorul anunta atat \u00a0Autoritatea Nationala de Supraveghere a Prelucrarii Datelor cu Caracter Personal, cat si Utilizatorii afectati.<\/p>\n<p><strong>Dreptul de a se adresa justitiei<\/strong>\u00a0\u2013 Dumneavoastr\u0103 ca utilizator ave\u021bi dreptul de a v\u0103 adresa justitiei pentru apararea oricaror drepturi garantate de lege, care v-au fost \u00eenc\u0103lcate de c\u0103tre noi. Utilizatorii au dreptul de a se adresa si autoritatilor de protectie \u00a0a datelor daca ace\u0219tia au \u00eendoieli cu privire la modul in care v-au fost prelucrate datele de c\u0103tre noi. Utilizatorii care au suferit un prejudiciu in urma unei prelucrari de date cu caracter personal, efectuata ilegal, se poate adresa instantei competente pentru repararea acestuia.<\/p>\n<p>Orice utilizator isi poate exercita aceste drepturi printr-un email la adresa: hupovdarius [at] gmail [dot] com, sesizare ce va fi rezolvata in maxim 30 de zile de la primirea acesteia.<\/p>\n<p>Putem sa respingem cererile nejustificare ale utilizatorilor, daca acestea incalca secrete comerciale sau proprietatea intelectuala, ori alte prevederi legislative.<\/p>\n<p>Anumite informatii pe care utilizatorii le furnizeaza nu se pot supune acestor drepturi deoarece fara aceste informatii noi nu le vom mai putea furniza produsele si serviciile noastre.<\/p>\n<h5>Protectia si securitatea datelor<\/h5>\n<ul>\n<li><strong>Transmiterea datelor.<\/strong><\/li>\n<\/ul>\n<p>Acest site si toate site-urile autorului adopta toate masurile de securitate pentru a proteja informatiile utilizatorilor. In cazul transmiterii oricarei informatii pe unul din site-uri( adresa de email, nume, adresa etc) acest tip de informatie va fi codat datorita sistemul de criptare SSL cu care este securizat site-ul.<\/p>\n<p>Va rugam sa fiti atenti in legatura cu ce informatii distribuiti atunci cand site-ul apare ca fiind nesecurizat.<\/p>\n<ul>\n<li><strong>Stocarea datelor<\/strong>\u00a0utilizatorilor nostri se face in medii de operare sigure care sunt accesate numai de catre persoanele autorizate.<\/li>\n<\/ul>\n<p><strong>ATENTIE!<\/strong><\/p>\n<p>In cazul in care considerati si\/sau aveti certitudini ca site-urile noastre nu prezinta siguranta in ceea ce priveste utilizarea datelor dumneavoastra, va rugam sa ne contactati printr-un email!<\/p>\n<p>In cazul in care un site al autorului pe care trebuie sa va lasati informatii personale apare ca fiind nesecurizat, va rugam sa ne contactati printr-un email!<\/p>\n<p>Restrictiile de confidentialitate nu sunt valabile atunci cand informatiile privind datele cu caracter personal ale utilizatorului sunt necesare \u00a0autoritatilor judiciare, in conformitate cu legea.<\/p>\n<h5>Timpul de prelucrare si stocare a datelor<\/h5>\n<p>Prin intermediul site-ului nostru, putem retine datele cu caracter personal ale utilizatorilor pe care acestia ni le furnizeaza. Pastram informatiile dumneavoastra atata timp cat avem nevoie de acestea in scop legitim de afaceri. Datele personale vor fi pastrate pentru a putea oferi acces la serviciile noastre, pentru a putea raspunde la intrebarile adresate de catre utilizator, in vederea rezolvarii cerintelor legale si legislatiei in vigoare.<\/p>\n<p>Datele cu caracter personal pot fi re\u021binute pentru o anumit\u0103 perioad\u0103 de timp, chiar dac\u0103 utilizatorul nu mai folose\u0219te serviciile noastre( inactivitate), sau daca acesta si-a inchis contul. In acest caz, anumite date cu caracter personal vor fi p\u0103strate pe o perioad\u0103 de maxim 3 ani de la momentul anul\u0103rii contului, cu excep\u021bia situa\u021biilor \u00een care legea ne oblig\u0103 s\u0103 stoc\u0103m aceste date pentru o perioad\u0103 mai mare de timp.<\/p>\n<p>Anumite informa\u021bii trebuie p\u0103strate pentru interesele noastre legitime de afaceri, cum ar fi prevenirea fraudei \u0219i sporirea siguran\u021bei \u0219i securit\u0103\u021bii utilizatorilor. \u00a0Este posibil ca informa\u021biile s\u0103 fie p\u0103strate pentru a \u00eempiedica un utilizator care a fost interzis pentru comportamente ilegale sau incidente de securitate, s\u0103 deschid\u0103 un cont nou.<\/p>\n<p>Dup\u0103 expirarea acestor perioade, datele cu caracter personal pot fi distruse prin \u0219tergerea automatizat\u0103 sau, \u00een cazul in \u00a0care legea prevede un termen de stocare mai mare decat cel prezentat in Politica noastr\u0103 de confiden\u021bialitate, datele cu caracter personal vor fi stocate intr-un spa\u021biu securizat prin metode de criptare \u0219i anonimizare.<\/p>\n<p>Datele statistice generate prin utilizarea informa\u021biilor de pe site pot fi p\u0103strate pentru o perioad\u0103 \u00eendelungat\u0103, deoarece acestea nu pot ajuta la identificarea utilizatorului, \u0219i nici nu vor fi utilizate \u00een alt mod care poate afecta utilizatorul.<\/p>\n<h5>Minori<\/h5>\n<p>Nu comercializam produse si\/sau servicii care sa fie cumparate de catre minori. Putem vinde \u00a0sau incasa contravaloarea unor produse\/servicii destinate minorilor, dar achizitionate de catre un adult. Daca sunteti minor si accesati un Site o puteti face doar daca sunteti sub supravegherea unui parinte sau a tutorelui legal.<\/p>\n<h5>Modalitati de contact<\/h5>\n<p>Darius Hupov<\/p>\n<p><strong>Email:<\/strong> hupovdarius [at] gmail [dot] com<\/p>\n<h5 class=\"h\"><a href=\"https:\/\/festival.galactic.one\/termeni-si-conditii\/\">Termeni si conditii<\/a><\/h5>\n<h5 class=\"h\"><a href=\"https:\/\/festival.galactic.one\/politica-cookie\/\">Politica Cookie<\/a><\/h5>\n","protected":false},"excerpt":{"rendered":"<p>Ma bucur ca ti-ai facut timp sa citesti politica de confidentialitate a site-ului festival.galactic.one. Infomatiile pe care tu mi le daruiesti atunci cand utilizezi site-ul si celelalte servicii de pe site sunt importante pentru mine. Din acest motiv ma angajez sa le protejez si sa le asigur o securitate sporita. Site-ul festival.galactic.one \u00a0va colecta colecta, [&hellip;]<\/p>\n","protected":false},"author":1,"featured_media":0,"parent":0,"menu_order":0,"comment_status":"closed","ping_status":"closed","template":"","meta":[],"acf":[],"_links":{"self":[{"href":"https:\/\/festival.galactic.one\/2022\/wp-json\/wp\/v2\/pages\/16115"}],"collection":[{"href":"https:\/\/festival.galactic.one\/2022\/wp-json\/wp\/v2\/pages"}],"about":[{"href":"https:\/\/festival.galactic.one\/2022\/wp-json\/wp\/v2\/types\/page"}],"author":[{"embeddable":true,"href":"https:\/\/festival.galactic.one\/2022\/wp-json\/wp\/v2\/users\/1"}],"replies":[{"embeddable":true,"href":"https:\/\/festival.galactic.one\/2022\/wp-json\/wp\/v2\/comments?post=16115"}],"version-history":[{"count":7,"href":"https:\/\/festival.galactic.one\/2022\/wp-json\/wp\/v2\/pages\/16115\/revisions"}],"predecessor-version":[{"id":16117,"href":"https:\/\/festival.galactic.one\/2022\/wp-json\/wp\/v2\/pages\/16115\/revisions\/16117"}],"wp:attachment":[{"href":"https:\/\/festival.galactic.one\/2022\/wp-json\/wp\/v2\/media?parent=16115"}],"curies":[{"name":"wp","href":"https:\/\/api.w.org\/{rel}","templated":true}]}}