{"id":5488,"date":"2020-09-06T14:29:36","date_gmt":"2020-09-06T14:29:36","guid":{"rendered":"https:\/\/festival.galactic.one\/?page_id=5488"},"modified":"2021-09-08T13:11:10","modified_gmt":"2021-09-08T13:11:10","slug":"reguli-drive-in","status":"publish","type":"page","link":"https:\/\/festival.galactic.one\/2021\/reguli-drive-in\/","title":{"rendered":"Reguli drive-in"},"content":{"rendered":"<h5>Reguli de participare la cinema drive-in din cadrul festivalului de film TGIFF<\/h5>\n<ul>\n<li>participarea este gratuit\u0103<\/li>\n<li>persoanele participante trebuie s\u0103 aib\u0103 minimum 13 ani \u00eemplini\u021bi, datorit\u0103 ratingului filmelor prezentate<\/li>\n<li>participarea se face pe principiul &#8220;primul venit, primul servit&#8221;, in masura locurilor disponibile; <strong>Organizatorii isi rezerva dreptul sa acorde locuri preferentiale pentru anumiti participanti.<\/strong><\/li>\n<li>participarea presupune respectarea regulilor si procedurilor de la aceast\u0103 pagin\u0103<\/li>\n<li>respecta\u021bi orele de acces la eveniment<\/li>\n<li>\u00een perimetru vor fi prezen\u021bi: voluntarii evenimentului, Poli\u021bia local\u0103 \u0219i Poli\u021bia. Ace\u0219ti v\u0103 vor acorda asisten\u021b\u0103 \u0219i vor veghea la \u00eendeplinirea regulilor \u0219i procedurilor<\/li>\n<li>accepta\u021bi faptul c\u0103 odat\u0103 ce a\u021bi parcat ma\u0219ina \u00een perimetru cinema-ului, ea nu va putea p\u0103r\u0103si perimetrul dec\u00e2t la finalul spectacolului<\/li>\n<li>\u00een ma\u0219in\u0103 nu pot fi prezen\u021bi dec\u00e2t membrii unei familii \u0219i maxim 3 persoane, m\u0103surile de protec\u021bie sanitar\u0103 fiind stabilite prin ordin comun al Ministrului Culturii \u0219i al Ministrului S\u0103n\u0103ta\u021bii, emis \u00een temeiul Art. 71 Alin. (2) din legea Nr. 55\/2020<\/li>\n<li>copiii trebuie supraveghea\u021bi pe parcursul \u00eentregului eveniment<\/li>\n<li>fiecare persoan\u0103 va avea masc\u0103 de protec\u021bie<\/li>\n<li>vizionarea se face numai din interiorul vehicolului, nu este permis\u0103 vizionarea din afara vehicolului sau de pe autovehicol<\/li>\n<li>circula\u021bia este permis\u0103 cu maxim 5 km pe or\u0103, v\u0103 rug\u0103m circula\u021bi cu aten\u021bie \u0219i respecta\u021bi indica\u021biile voluntarilor<\/li>\n<li>pentru a nu deranja ceilal\u021bi participan\u021bi, seta\u021bi volumul audio la nivel normal \u0219i nu dicuta\u021bi cu voce tare<\/li>\n<li>dup\u0103 \u00eentrarea \u00een perimetru, nu poate p\u0103r\u0103si ma\u0219ina dec\u00e2t o singur\u0103 persoan\u0103<\/li>\n<li>toaleta se afl\u0103 la Sala polivalent\u0103<\/li>\n<li>dac\u0103 s-a desc\u0103rcat bateria la autovehicol, cere\u021bi asisten\u021ba voluntarilor<\/li>\n<li>accesul cu animale este strict interzis<\/li>\n<li>aruncarea de\u0219eurilor din interiorul vehicolului nu este permis\u0103<\/li>\n<li>este interzis\u0103 folosirea laserelor<\/li>\n<li>este interzis\u0103 aruncarea obiectelor spre ecran<\/li>\n<li>este interzis accesul la scen\u0103 \u0219i pe schele<\/li>\n<li>motorul autovehicolului trebuie s\u0103 fie obligatoriu oprit pe timpul evenimentului!<\/li>\n<li>V\u0103 rug\u0103m ca pe timpul rul\u0103rii filmului s\u0103 nu ave\u021bi aprinse luminile ma\u0219inii. Dac\u0103 ave\u021bi un autoturism care are func\u021bia de lumini automat\u0103, v\u0103 rug\u0103m s\u0103 o dezactiva\u021bi din set\u0103rile de lumini.<\/li>\n<li>dac\u0103 ave\u021bi o ma\u0219in\u0103 SUV sau VAN, ve\u021bi fi direc\u021biona\u021bi spre marginea parc\u0103rii, pentru a nu \u00eengr\u0103di vizibilitatea celorlal\u021bi participan\u021bi<\/li>\n<li>nu se permite participarea cu biciclete sau motociclete<\/li>\n<li>orice \u00eenc\u0103lcare a regulilor de mai sus atrage pierderea dreptului de vizionare \u0219i p\u0103r\u0103sirea imediat\u0103 a spa\u021biului de eveniment drive-in desf\u0103\u0219urat<\/li>\n<li>\u00cen cazul \u00een care condi\u021biile meteo nu permit proiectarea filmului, evenimetul se anuleaz\u0103.<\/li>\n<\/ul>\n<p><span style=\"color: #ffff00;\"><strong>IMPORTANT!<\/strong><\/span><\/p>\n<ul>\n<li><span style=\"color: #ffff00;\">\u00een perimetrul evenimentului este posibil\u0103 participarea NUMAI cu un automobil<\/span><\/li>\n<li><span style=\"color: #ffff00;\">\u00een perimetrul evenimentului nu sunt asigurate locuri pe scaune (\u00een afara zonei dedicate voluntarilor)<\/span><\/li>\n<li><span style=\"color: #ffff00;\">organizatorii nu sunt r\u0103spunz\u0103tori de ce se \u00eent\u00e2mpl\u0103 \u00een afara perimetrului evenimentului. Cu toate acestea, v\u0103 rug\u0103m s\u0103 respecta\u021bi regulile de distan\u021bare social\u0103 \u0219i indica\u021biile poli\u021biei locale \u0219i ale organelor de poli\u021bie<\/span><\/li>\n<\/ul>\n<h5>Proceduri de participare<\/h5>\n<ul>\n<li>accesul la perimetru \u00eencepe la 19.00 \u0219i se finalizeaz\u0103 la 20.00<\/li>\n<li>evenimentul se termin\u0103 la finalizarea vizion\u0103rii, care depinde de la o sear\u0103 la alta, dar nu va dep\u0103\u0219i ora 24.00<\/li>\n<li>la intrare, se verific\u0103 dac\u0103 toate persoanele au masc\u0103<\/li>\n<li>la intrare, ve\u021bi primi regulile \u0219i procedurile de participare \u0219i alte materiale imprimate<\/li>\n<li>la intrare, ve\u021bi primi detalii despre cum se poate audia coloana sonor\u0103 a filmului, recep\u021bion\u00e2nd un semnal radio FM cu ajutorul radioului din ma\u0219in\u0103, a unui radiou portabil sau a radiourilor cu care sunt prev\u0103zute anumite telefoane<\/li>\n<li>dac\u0103 ave\u021bi temeri c\u0103 folosirea radioului va desc\u0103rca bateria ma\u0219inii, aduce\u021bi un radio FM portabil sau folosi\u021bi radioul telefonului (dac\u0103 are o asemenea func\u021bie)<\/li>\n<li>la intrare, ve\u021bi primi un bilet cu num\u0103r de parcare, care indic\u0103 locul de parcare \u00een perimetru. Voluntarii v\u0103 vor ajuta s\u0103 parca\u021bi la locul indicat pe biletul cu num\u0103rul de parcare<\/li>\n<li>\u00een timpul evenimentului, respecta\u021bi regulile de participare<\/li>\n<li>la finalul evenimentului, ma\u0219inile vor p\u0103r\u0103si perimetrul \u00een ordine invers\u0103 sosirii<\/li>\n<\/ul>\n<h5>Proceduri de combatere a COVID-19<\/h5>\n<ul>\n<li>participarea la eveniment necesit\u0103 \u00eenregistrarea numelui complet si a numarului de telefon<\/li>\n<li>este necesar\u0103 verificare temperaturii, persoanele cu temperatur\u0103 peste 37.3 nu pot participa la eveniment<\/li>\n<li>persoanele care refuza verificarea temperaturii nu vor avea acces la eveniment<\/li>\n<li>\u00een ma\u0219in\u0103 nu pot fi prezente dec\u00e2t persoane membre ale aceleia\u0219i familii \u0219i maxim 3 persoane, m\u0103surile de protec\u021bie sanitar\u0103 fiind stabilite prin ordin comun al Ministrului Culturii \u0219i al Ministrului S\u0103n\u0103ta\u021bii, emis \u00een temeiul Art. 71 Alin. (2) din legea Nr. 55\/2020<\/li>\n<li>fiecare persoan\u0103 va avea masc\u0103 de protec\u021bie, pe care o va purta la ie\u0219irea din ma\u0219in\u0103<\/li>\n<li>la ie\u0219irea din ma\u0219in\u0103, respecta\u021bi normele de distan\u021bare social\u0103: minim 1.5 m \u00eentre persoane<\/li>\n<li>distan\u021ba dintre ma\u0219ini va respecta normativele \u00een vigoare pentru combaterea COVID-19<\/li>\n<li>nu ie\u0219i\u021bi din ma\u0219in\u0103 dec\u00e2t o singur\u0103 persoan\u0103<\/li>\n<li>recomand\u0103m evitarea socializ\u0103rii cu persoane din alte ma\u0219ini<\/li>\n<li>nu ie\u0219i\u021bi din ma\u0219in\u0103 dec\u00e2t pentru motive \u00eentemeiate (pentru a merge la toalet\u0103 sau la bufet) \u0219i doar o singur\u0103 persoan\u0103<\/li>\n<li>acestea sunt detaliile oferite de autorit\u0103\u021bi p\u00e2n\u0103 \u00een acest moment \u0219i se pot schimba periodic \u00een func\u021bie de evolu\u021bia Covid-19. V\u0103 solicit\u0103m cooperarea, r\u0103bdarea \u0219i \u00een\u021belegerea \u00een acest timp.<\/li>\n<\/ul>\n<p><span style=\"color: #ffff00;\"><strong>Programul pe zile este disponibil pe internet<\/strong> <\/span>(<a href=\"https:\/\/festival.galactic.one\/program-drive-in\">click aici<\/a>).<\/p>\n<h5>Contact<\/h5>\n<p>Ne po\u021bi contacta prin email la tgiff [at] galactic [punct] one<\/p>\n<h5>Preciz\u0103ri finale<\/h5>\n<p>Organizatorul \u00ee\u0219i rezerv\u0103 dreptul de a modifica prezentul Regulament \u0219i Procedurile de participare, urm\u00e2nd ca astfel de modific\u0103ri s\u0103 \u00ee\u0219i produc\u0103 efectele numai dup\u0103 ce aceste modific\u0103ri au fost comunicate participan\u021bilor. Modific\u0103rile vor fi aduse la cuno\u0219tint\u0103 participan\u021bilor prin afi\u0219are pe site-ul https:\/\/festival.galactic.one<\/p>\n<p>NU SUNTEM RESPONSABILI pentru accidentele auto sau de alt\u0103 natur\u0103 care au loc \u00een spa\u021biulde desf\u0103\u0219urare a evenimentului!<br \/>\nNU SUNTEM RESPONSABILI pentru daunele autoturismelor sau ale bunurilor personale!<br \/>\nNU SUNTEM RESPONSABILI pentru furturi care au loc \u00een spa\u021biulde desf\u0103\u0219urare a evenimentului!<\/p>\n","protected":false},"excerpt":{"rendered":"<p>Reguli de participare la cinema drive-in din cadrul festivalului de film TGIFF participarea este gratuit\u0103 persoanele participante trebuie s\u0103 aib\u0103 minimum 13 ani \u00eemplini\u021bi, datorit\u0103 ratingului filmelor prezentate participarea se face pe principiul &#8220;primul venit, primul servit&#8221;, in masura locurilor disponibile; Organizatorii isi rezerva dreptul sa acorde locuri preferentiale pentru anumiti participanti. participarea presupune respectarea [&hellip;]<\/p>\n","protected":false},"author":2,"featured_media":0,"parent":0,"menu_order":0,"comment_status":"closed","ping_status":"closed","template":"","meta":[],"_links":{"self":[{"href":"https:\/\/festival.galactic.one\/2021\/wp-json\/wp\/v2\/pages\/5488"}],"collection":[{"href":"https:\/\/festival.galactic.one\/2021\/wp-json\/wp\/v2\/pages"}],"about":[{"href":"https:\/\/festival.galactic.one\/2021\/wp-json\/wp\/v2\/types\/page"}],"author":[{"embeddable":true,"href":"https:\/\/festival.galactic.one\/2021\/wp-json\/wp\/v2\/users\/2"}],"replies":[{"embeddable":true,"href":"https:\/\/festival.galactic.one\/2021\/wp-json\/wp\/v2\/comments?post=5488"}],"version-history":[{"count":14,"href":"https:\/\/festival.galactic.one\/2021\/wp-json\/wp\/v2\/pages\/5488\/revisions"}],"predecessor-version":[{"id":16712,"href":"https:\/\/festival.galactic.one\/2021\/wp-json\/wp\/v2\/pages\/5488\/revisions\/16712"}],"wp:attachment":[{"href":"https:\/\/festival.galactic.one\/2021\/wp-json\/wp\/v2\/media?parent=5488"}],"curies":[{"name":"wp","href":"https:\/\/api.w.org\/{rel}","templated":true}]}}